*2 + 35*h - 23. What is the remainder when j(-29) is divided by 317?
10
Let x = -3899 - -4740. What is the remainder when x is divided by 59?
15
Let m(x) = 1. Let o(j) = 6*j + 39. Let f(y) = -6*m(y) - o(y). Let t(i) = 9*i**2 + 9*i + 16. Calculate the remainder when t(-5) is divided by f(-13).
31
Suppose 130 = -9*t + 7*t + 12*t. What is the remainder when 14323 is divided by t?
10
Let p be 1540/(-4)*(-5 + 6). Let k = 682 + p. Let w = -49 + 72. Calculate the remainder when k is divided by w.
21
Let y = -268 + 513. Let c = 12126 + -12063. What is the remainder when y is divided by c?
56
Suppose -77*g + 13396 - 4543 + 4930 = 0. Suppose 3*o - 50 = -5*b, o + o = 3*b + 27. Calculate the remainder when g is divided by o.
14
Suppose 0 = -5*h + 21*h + 115 - 1683. What is the remainder when 224 is divided by h?
28
Let a(k) = 3*k**2 + 32 - 2*k - 8*k + 15 - 66. Calculate the remainder when 514/14 + (-4)/(-14) is divided by a(-2).
11
Suppose -2045 = -19*y - 1798. What is the remainder when 1140 is divided by y?
9
What is the remainder when 7546/(-28)*(3 + -5) is divided by 48?
11
Let p = 725 + -467. Let y(z) = -z**2 - 20*z - 73. Calculate the remainder when p is divided by y(-11).
24
Let a(y) = -394*y + 1006. Calculate the remainder when a(2) is divided by 198.
20
Let z(w) = -321*w - 147. What is the remainder when 2104 is divided by z(-7)?
4
Let z(f) = -f**3 + 24*f**2 + 2*f - 26. Let o be z(24). Let i = 56 - o. What is the remainder when i is divided by 9?
7
Let o(z) = -z**3 - 21*z**2 + 95*z - 521. Calculate the remainder when o(-27) is divided by 27.
19
Suppose d + 2*f = f + 33, -5*d + 2*f + 130 = 0. Let m(u) = -u**2 + 599*u + 27703. Calculate the remainder when m(-43) is divided by d.
13
Let a(b) = b**3 - 58*b**2 - 63*b + 283. What is the remainder when 1689 is divided by a(59)?
44
Suppose 4*g - 2*g - t = 29, 56 = 4*g - 4*t. Suppose 8*q - 5*q + 27 = 0. Let j(x) = x**3 + 9*x**2 - 13*x + 1. Calculate the remainder when j(q) is divided by g.
13
Let n(s) = -s**3 - 5*s**2 - 4. Let v be n(-5). Let a be 8*(9/4 + v + 2). Let b = 5 + a. What is the remainder when 47 is divided by b?
5
Suppose -1 = f - 0, 0 = -4*w + 4*f - 744. Let q = -106 - w. Calculate the remainder when q is divided by 28.
25
Let l be 3 + 1 + 0 + 3258/18. What is the remainder when (-524)/(-10) - 74/l is divided by 5?
2
Suppose 3224*p - 33825 = 3101*p. What is the remainder when 1373 is divided by p?
273
Let v(d) = -d**2 + 29*d + 702. What is the remainder when v(42) is divided by 8?
4
Suppose -2*g - g - w + 289 = 0, 0 = 4*g - w - 383. Calculate the remainder when 24/g - (-705)/12 is divided by 41.
18
Suppose -2*q + 58 = 2*o - 0, 5*q + 2*o = 124. Calculate the remainder when 1446 is divided by q.
16
Let u be -1 - (-12 + 2 + -5). Let b be 266/u - (0 - 3). Suppose -13 = -5*h + b. What is the remainder when h is divided by 5?
2
Let q(p) = -p**3 - 4*p**2 - 3*p - 1. Let b be q(-2). What is the remainder when (b/(-4) + 44/(-16))*-14 is divided by 12?
4
Suppose 11*o - 5*o - 18 = 0. Let p be 1*5/(25/20). Suppose -5*a - o*w = -p*w - 67, 4*a = 2*w + 56. What is the remainder when 89 is divided by a?
11
Let b(q) = q**3 - 18*q**2 + 13*q + 29. Let g be b(17). What is the remainder when (-1644)/g + (-4)/26 is divided by 14?
0
Let v be 2/6*1 + (-570)/(-18). Suppose -3*p = -27 - 72. Calculate the remainder when (-249)/(-4) - (-24)/v is divided by p.
30
Suppose 16 = -959*q + 963*q, -5*h = 2*q - 7688. Calculate the remainder when h is divided by 765.
6
Let w(l) = -289*l + 3354. What is the remainder when w(10) is divided by 153?
5
Let t = 626 + -481. Suppose -8*y + 63 + t = 0. What is the remainder when y is divided by 3?
2
Let l be ((-9)/(-3))/(84/28). Suppose -l = -4*r + 15. What is the remainder when 9 is divided by r?
1
Let h(j) = j**2 - 8*j - 16. Calculate the remainder when 6084 is divided by h(-3).
15
Let q(u) = -u**2 + 38*u - 155. Let f be q(5). Calculate the remainder when 81 is divided by (-1209)/(-155) - 8/f.
4
Suppose 7*j = 4*j + 27. Suppose 0 = j*f + 2*f - 121. Calculate the remainder when 63 is divided by f.
8
Suppose -1664 = -27*m - 8117. Let g = m + 302. What is the remainder when g is divided by 39?
24
Suppose 3*g - 4*g - 21 = 0. Let w = g - -39. Calculate the remainder when ((-156)/(-13))/((-12)/(-69)) is divided by w.
15
Suppose -210 = -9*v - v. Suppose -4*p = -5*h - 28, 28 = 4*p + v*h - 22*h. What is the remainder when 222 is divided by p?
5
What is the remainder when 112 is divided by (59 + 46)*3/9?
7
Suppose -y - 4 = 4. Let f(g) = g**2 + 8*g + 3. Let j be f(y). Suppose 0 = j*i - 432 + 33. What is the remainder when i is divided by 27?
25
Let z(f) be the first derivative of -5*f**2 + 38*f + 156. What is the remainder when 36 is divided by z(3)?
4
Suppose -83*o + 81*o + f = -135, 63 = o + 4*f. Calculate the remainder when 536 is divided by o.
0
Let b(i) = -i + 1. Let l(n) = 139*n + 15. Let x(s) = -5*b(s) - l(s). What is the remainder when x(-2) is divided by 25?
23
What is the remainder when 1188 is divided by (-2300)/(-161) + 76/(-168) + 1/6?
12
Let s(l) = -7 + 7*l + 51 + 17. Let k(h) = 15*h + 1. What is the remainder when k(3) is divided by s(-7)?
10
Suppose 3*p - 2*v + 1463 = 0, -1453 = 5*p - 2*p - 4*v. Let c = p + 596. Calculate the remainder when c is divided by 30.
15
Let f(s) = -48*s - 3. Let k(y) = -y + 1. Let h(j) = f(j) + 5*k(j). What is the remainder when h(-1) is divided by 8?
7
Let y(b) = b + 157. Let n = -25442 - -25494. Calculate the remainder when y(0) is divided by n.
1
Let x = -257 - -254. What is the remainder when 47 is divided by -2*(-585)/40 + x/(-4)?
17
Let d(c) be the first derivative of 2*c**3/3 + 10*c**2 + 9*c + 28. Suppose 0*n - 6*n = -60. What is the remainder when d(-12) is divided by n?
7
Let m be 14 + -2 + (-6)/(-6). Suppose -207 = -m*u + 4*u. Suppose -6*q + q + p + 327 = 0, -p + 135 = 2*q. Calculate the remainder when q is divided by u.
20
Suppose -213*p = -211*p - f - 48, -4*f + 120 = 5*p. Calculate the remainder when 2393 is divided by p.
17
Let s(c) = -c**3 + 63*c**2 + 278*c + 1097. Calculate the remainder when s(67) is divided by 248.
31
Let x = 305 + -303. Suppose x*f - 94 = -4*p, 2*f + 1 = 2*p - 31. What is the remainder when p is divided by 13?
8
Let v = -1014 + 1027. Calculate the remainder when 32 is divided by v.
6
Let a(h) = -2*h + 10. Suppose 6*w = -2*w + 80. What is the remainder when a(-10) is divided by 6/w - (-693)/45?
14
Let d(g) = -g**3 - 10*g**2 - 23*g - 6. Let l be d(-7). Suppose l + 10 = 3*c - 4*p, 1 = 5*c + 3*p. What is the remainder when 55 is divided by c?
1
Let g(h) = 21*h + 8. Let c(a) = -22*a - 9. Let t(y) = 4*c(y) + 5*g(y). Calculate the remainder when 74 is divided by t(1).
11
Let u = -3337 + 3416. What is the remainder when 382 is divided by u?
66
What is the remainder when ((-471)/4)/((-16)/(4096/48)) is divided by 21?
19
Suppose 0 = 115*c - 114*c - 2. Suppose 34 = -c*v + 19*v. Calculate the remainder when 6 is divided by v.
0
Let l(z) = z**3 - 17*z**2 + 12*z - 37. Let v be l(16). Let n be (-18 - -13) + (0 - v). Suppose -8*c + 2*c = -n. What is the remainder when 21 is divided by c?
5
Let c = 8 + -7. Let m(t) = -t**2 + 11*t - 26. What is the remainder when m(6) is divided by c?
0
Let a be 1212 + 4 + 0/2. Suppose 2*p + 6*p = a. Calculate the remainder when p is divided by (0 - -16)/2 + -24 + 42.
22
Let n = 4242 + -3828. What is the remainder when n is divided by 70?
64
Calculate the remainder when (349 - 4)*27/81 is divided by 1 - (-3 - -4)*-59.
55
Let f(u) = -2*u**3 - 8*u**2 - 17*u - 123. Suppose -3*s + 74 + 4 = 0. What is the remainder when s is divided by f(-5)?
2
Let q = 49 + -26. Calculate the remainder when (-30)/18*(-198)/(-110) - -87 is divided by q.
15
Let r = -6 - -16. Calculate the remainder when r is divided by ((-6)/8)/((1 - 4)/24).
4
Let r(j) = -j**3 + 7*j**2 + 23*j - 9. Let n be r(9). Suppose -i = -a - 3, 0 = -4*i + 3*a - 7*a + n. Calculate the remainder when 34 is divided by i.
4
Suppose -19*a + 5*y = -17*a - 136, -112 = -2*a - y. What is the remainder when a is divided by 3?
1
Let o be 6/((-4)/(-68) - 0). Suppose 5*i - 138 = o. Suppose 4*a + i = 4*v, 4*v - 23 = -a + 10. Calculate the remainder when 44 is divided by v.
8
Suppose 4*o - 196*p - 16737 = -191*p, -o = -3*p - 4172. What is the remainder when o is div